= -3*u + f - 0, 5*f = -25. Let g(l) = -32*l**2 - 3. Let m(t) = -2*t**2 - 2. Let q(v) = -g(v) + 3*m(v). What are the prime factors of q(u)?
101
Let z = 169 + -9. Suppose 3*d + 4*u = 97 + 1, 5*d + 5*u - z = 0. List the prime factors of d.
2, 3, 5
Let u = 7729 + 21228. List the prime factors of u.
23, 1259
Let c(p) = 5*p + 6. Let j be c(-2). Let a be ((3 - -1) + 10)/((-2)/j). Let i = 62 - a. What are the prime factors of i?
2, 17
Suppose -24*z + 17*z = -5642. Let k = z - 273. List the prime factors of k.
13, 41
Suppose -90 = -5*i + 5*j, -72 = -3*i + j - 10. Suppose -183 = -4*b + 197. Let f = b - i. List the prime factors of f.
73
Let h(l) = l**3 + 12*l**2 + 12*l + 15. Let d be h(-11). Suppose 4*c + 12 = -d. List the prime factors of -15*(-4)/c*2/(-3).
2, 5
Suppose -3*s = r - 12, 0 = 3*r + 1 + 8. Suppose 2*d + 4*y + 0*y + 122 = 0, -5*d + s*y = 305. Let x = d + 90. List the prime factors of x.
29
Let w be -106*((-15)/6 + 1). Suppose -70 = -p - 3*u, -159 = -5*p + u + w. List the prime factors of (-3)/((-6)/p) + 3.
5, 7
Let f(i) = 14*i - 77. Let w(v) = 2*v**2 - 14*v - 29. Let h be w(-2). List the prime factors of f(h).
3, 7
Suppose -w + q - 9794 = -5*w, -3*w - 4*q = -7352. List the prime factors of w.
2, 3, 17
Suppose -138 = -5*k + 1167. Suppose -39 - k = -5*h. List the prime factors of (-8)/h + 1444/30.
2, 3
Suppose 11*o = -29*o + 245600. What are the prime factors of o?
2, 5, 307
Let h(l) = l**2 + 18*l - 51. Let r be h(-21). Let q(a) = 2*a**2 + 12*a - 55. What are the prime factors of q(r)?
13, 29
Let b be 44/(-10) - (1 + 14/(-10)). Let d(z) = -125*z + 4. Let a be d(b). Let p = a + -352. List the prime factors of p.
2, 19
List the prime factors of ((-812)/(-1421))/(2/15953).
2, 43, 53
Let x(t) = t**2 - 16*t + 2. Let z be x(10). Let b be 6 - 6 - z*2. Suppose n - 124 = -4*k, 4*k - 2*n - b = -n. What are the prime factors of k?
2, 3, 5
Let t(w) = w**3 - 4*w**2 - 24*w + 26. Let o be t(8). Let c(n) = 3*n - 27. Let m be c(9). Suppose 4*g - 6*g + o = m. List the prime factors of g.
3, 5
What are the prime factors of ((1107/246)/(6/(-4)))/((-9)/29472)?
2, 307
Suppose 2*i = i + l + 3, 4*i + 12 = -4*l. What are the prime factors of 3/(3/310 + i)?
2, 5, 31
Let z be 51*(-8)/24 + 7. Let c(x) = -x**3 - 6*x**2 + 7. Let r be c(-6). What are the prime factors of (-2 + r)*(-246)/z - 2?
11
Let k(m) = 2*m**2 + 8*m - 8. Let i be k(1). Suppose 5*d - 2*n - 526 = 0, d + 202 = 3*d + i*n. List the prime factors of d.
2, 13
Let y = 876 + -429. Let i = 795 - y. List the prime factors of i.
2, 3, 29
List the prime factors of (-2)/(-2) - ((-2)/4 + 219429/(-126)).
3, 7, 83
Let y(u) = 857*u + 4715. List the prime factors of y(15).
2, 5, 7, 251
Suppose -105*h + 3*k = -101*h - 271695, 4*h = -k + 271659. What are the prime factors of h?
3, 22639
Let x(u) = 4034*u**2 + 331*u + 22. What are the prime factors of x(-4)?
2, 103, 307
Let m = -2348 - -2374. Let o = -19 - -4. Let l = o + m. List the prime factors of l.
11
Let n(l) = -10*l - 36. Let z be (-5)/(10/(-8)) + 0/1. Suppose 0 = -5*p + 4*m + 4 - 47, -3*p = z*m + 45. What are the prime factors of n(p)?
2, 37
Suppose 4*g + 10 + 6 = 4*j, -8 = -3*j + 5*g. Suppose 7*c = j*c + 3*h + 273, 0 = -5*c + 5*h + 1375. Let d = c - 129. List the prime factors of d.
3, 7
Let p(h) = -3 + 5*h + 31*h - 2*h + 5. Suppose -g = -4*g - 6, 2*t - 4 = -2*g. List the prime factors of p(t).
2, 3, 23
Suppose -5*m = -2*s + 182, 11*s - 14*s + 5*m = -278. Let w = 298 - s. What are the prime factors of w?
2, 101
Let l(q) = q**3 - 9*q**2 + 15*q - 2. Let f be l(7). Let p(g) be the second derivative of 7*g**3/2 - 5*g**2/2 + 4*g. List the prime factors of p(f).
2, 5
Let h(l) = 43*l**2 - 10*l + 10. Let n be h(6). List the prime factors of (n/(-5))/(-1) + (-80)/(-200).
2, 3, 5
Suppose 27 = b + 3*d, 2*d = -2*d + 20. Suppose 0 = 5*a + b*a - 4998. List the prime factors of a.
2, 3, 7
Let a = 50 - 50. Suppose -2*r + 0 + 8 = a. Suppose r*g = 5*i - 531, -5*i = 5*g - 805 + 310. What are the prime factors of i?
103
Let a(t) = -7*t**2 + 3*t + 23. Let c(w) = w**2 + w + 1. Let i(g) = -a(g) - 5*c(g). Let n be i(12). Let s = -70 + n. What are the prime factors of s?
2, 47
Let c(z) = -666*z**3 - 9*z**2 - 29*z + 8. What are the prime factors of c(-3)?
2, 11, 409
Let i(h) = 25*h + 9. Let n be i(24). Let k = n + -283. List the prime factors of k.
2, 163
Suppose -37 = -9*n - 55. What are the prime factors of 8/(-4)*n*82/8?
41
Let z be (-6 - (10 + -11))*(-14)/10. Suppose 7*m - 5*w = 6357, 3*m - z*w - 2733 = -2*w. List the prime factors of m.
2, 3, 151
Let l = -81 - -85. Suppose 2*a + 2*s = 564, 1 = -s - l. Suppose -6*c + 25 = -a. What are the prime factors of c?
2, 13
Let r be ((0 + -2)/(-6))/(1/9). Suppose 209 + 726 = u - 3*o, 2*u - 1852 = -r*o. What are the prime factors of u?
929
Let c(l) = -17*l + 239. Let m be c(-24). Let i = m - -1184. List the prime factors of i.
1831
Let c = 198 + -194. Suppose 3*r + 670 = c*b - 522, b + 4*r - 317 = 0. What are the prime factors of b?
7, 43
Suppose 48*h - 8471 = 1063889 + 637352. List the prime factors of h.
3, 31, 383
Suppose -5*w + 45524 = 3*d, d + 4*d + 4*w = 75882. What are the prime factors of d?
2, 7589
Let h = -69 + 65. Let f be (0 + h)*3/(-6). Suppose f*l - 157 = -w, 5*l + 754 - 165 = 4*w. What are the prime factors of w?
151
Suppose -4*x + 46693 = 3*h, -5*h - 1254*x + 1256*x = -77761. What are the prime factors of h?
3, 5, 17, 61
Let l(x) be the second derivative of 7*x**4/2 - x**3/6 - 62*x. List the prime factors of l(-1).
43
Let h(f) = 3*f. Let t be h(-1). Let v be 17 - (5 + 2 + t). Let j(p) = p**2 - 2*p + 15. List the prime factors of j(v).
2, 79
Let w = -2 - -81. Suppose -w = 3*m + 47. What are the prime factors of (-1)/(m/10 - -4)?
5
Let o be (368/(-24))/((-4)/(-6)). Let g(i) = -11 - 8*i + 1 + 24 + 21. What are the prime factors of g(o)?
3, 73
Suppose -2*j = -4*q + 8 - 22, 4*q + j = -5. What are the prime factors of q/(3/((-18)/(-12))) + 324?
17, 19
List the prime factors of 16 - 9 - -31585 - 0.
2, 11, 359
Let q(o) = 2*o**3 + 88*o**2 - 79*o - 83. List the prime factors of q(-24).
29, 857
Suppose 0 = 7*o + 9*o - 80. Suppose 0 = 4*z + 2*h + 1108 + 954, 1019 = -2*z - o*h. What are the prime factors of (z/6 + (-1)/3)*-2?
173
Suppose -3 = -a - 0. Let s(x) = -7*x**2 + 3*x**3 + 5*x**a - 5*x**3 - 4*x**3 + 2. What are the prime factors of s(-7)?
2
Let h = -169 - -331. Let g = 294 + -314. List the prime factors of (-5)/((-15)/h)*g/(-8).
3, 5
Suppose -2*m + 7 + 17 = 5*k, 2*k - 14 = -3*m. Let x be 1/(1*(63/(-33) + m)). Suppose x*p - 4*p - 203 = 0. List the prime factors of p.
29
List the prime factors of (-1 + 3 - -15976) + -13 + 8.
15973
Let i(g) = 44 - 53 + 15*g - 4*g + 2*g**2. What are the prime factors of i(-9)?
2, 3
Suppose 0 = l + 8 - 3, 0 = -3*f + l + 68. Suppose -5*k - 2*i = -f, 4*i + 4 = -4. List the prime factors of 433/k - (-16)/40.
3, 29
Suppose 3*d = 4*i + 60, -16*i = -17*i - d - 22. Let s(v) = 2*v**2 + 13*v - 44. What are the prime factors of s(i)?
2, 5, 37
Let q = -30 + 34. Suppose 3*u = q + 35. Suppose -u = 5*o - 448. List the prime factors of o.
3, 29
List the prime factors of (657/18 + 18)/(1/934).
109, 467
List the prime factors of ((-122)/61)/(1/7969*-2).
13, 613
Suppose 4*s + 14338 = 2*k, 0 = 3*k + 7*s - 6*s - 21479. List the prime factors of k.
3, 7, 11, 31
Let j(l) = 210*l + 1070. List the prime factors of j(3).
2, 5, 17
Let x = 309 - 304. Suppose 5*z = x*g - 1685, z = -2*g - 3*z + 704. What are the prime factors of g?
2, 3, 19
Suppose 228 = 2*a - 2*k, -3*a - 3*k + 296 = -46. Suppose 248 = 2*p + 2*g, -3*p + 3*g - a = -4*p. List the prime factors of p.
3, 43
Let a be 3*-4*4/(-16). Suppose 0 = -3*r + 2*r - 3*t + 398, -a*r - 3*t = -1164. List the prime factors of r.
383
Suppose 3*m = 2*m + 266. Let z = -305 - -437. Let q = m - z. List the prime factors of q.
2, 67
Let f = 180 - 178. Suppose f*r - 266 = 4*q, 5*r + 0*q = 5*q + 680. List the prime factors of r.
139
What are the prime factors of (-14 + (-397)/(-5))*(1 - -24)?
3, 5, 109
What are the prime factors of 3/(-6)*(-34)/119*236306?
2, 16879
Let p(x) = 6*x**2 + 7*x + 4. Let d be p(-1). Suppose -d*o - 3*i + 1925 = -469, -4*i + 1590 = 2*o. List the prime factors of o.
3, 89
Suppose -4*l + 30536 = 4*m, 38*m - 43*m = 2*l - 38173. What are the prime factors of m?
3, 5, 509
Le